18*y + 90. Let r be t(-5). Suppose 0 = -5*o - 1595 - 1065. Let w be (-2)/6 - (r + o/12). What is the greatest common divisor of w and 33?
11
Let k = -735 + 755. Let y(q) = -q**2 + 24*q. Let v be y(k). Calculate the greatest common factor of 240 and v.
80
Let d be (2 + 0)*(13 + -7). Let p be -1 - (0/(-4) - 1). Suppose p = 2*a + m - 167, -2*a - 4*m = -136 - 28. What is the greatest common divisor of d and a?
12
Let y(a) = 269*a + 2694. Let f be y(-10). Calculate the highest common factor of f and 1084.
4
Suppose -a - 2*a = 30. Let i be (-36)/(-10)*40/(-3). Let m be i/(-15) + 2/a. What is the greatest common divisor of 21 and m?
3
Suppose -t + 4 - 2 = 0. Suppose t*h - h - 224 = -4*x, -4*x = -h - 232. What is the greatest common factor of x and 456?
57
Let a(p) = p**2 - 833*p + 6601. Let b be a(8). Let j be (-9 + -1)*(-8)/10. What is the highest common divisor of j and b?
1
Suppose 5*m - 37 = 158. Let b(f) = -3*f**3 + 116*f**2 + 39*f + 52. Let u be b(m). Suppose -z = -4*z + 39. Calculate the highest common factor of u and z.
13
Let b(i) = -143*i + 228. Let n be b(1). What is the highest common factor of n and 35?
5
Suppose -309*b - 5056 = -317*b. Calculate the highest common divisor of 7426 and b.
158
Let f = 10273 + -2977. Calculate the greatest common divisor of 24 and f.
24
Suppose -23*p - 38 = -22*p. Let m = 20 + -75. Let n = p - m. What is the highest common factor of 34 and n?
17
Let r = -8803 - -9023. Calculate the greatest common divisor of r and 6710.
110
Let u be (-19)/((2 + (-8)/2)*237/474). Let h(t) = 24*t - 1. Let m be h(4). Calculate the greatest common factor of m and u.
19
Let l = -474 + 655. What is the greatest common divisor of 13937 and l?
181
Let i(c) = -3*c**2 + 12*c + 13. Suppose 6*k + 13 = 4*k - 3*m, -k = -5*m. Let d be i(k). Let u = d + 161. What is the highest common factor of u and 78?
39
Let c be 7 + -2 + -9 + (3 - -2). Suppose 54 = 5*s - c. Calculate the greatest common divisor of 4 and s.
1
Let z = 14748 - 14636. Let b be (36/(-5))/((-4)/70). Calculate the greatest common divisor of z and b.
14
Let g be (21672/27)/(-14) - 8/(-6). Let y = 62 + g. Calculate the greatest common factor of 27 and y.
3
Let q = 3 - -3. Let g be (-34305)/(-315) + 4/42. Let i = g - 43. Calculate the greatest common factor of q and i.
6
Suppose m = -4*m - 25, 5*u + m - 1260 = 0. Suppose 958 + 273 = 16*q + 127. Calculate the greatest common factor of q and u.
23
Suppose -b = -4*j - 66, 3*j - 9 + 66 = b. What is the greatest common factor of b and 125?
5
Suppose 3348 = 9*l + 3*l. Let q = l + -244. What is the greatest common divisor of q and 21?
7
Suppose 52 = -2*p - 4*w, 2*w = -7*p + 9*p + 28. Let v = p + 28. Calculate the highest common divisor of 2 and v.
2
Let y be (1 + -1)/(4/(-2)). Suppose 3 = 3*v - y*v. Let l = v - 0. Calculate the greatest common divisor of l and 4.
1
Suppose 17*q - 24*q + 224 = 0. Calculate the highest common divisor of q and 400.
16
Suppose 1385 = 14*t + 153. Let y be (88/(-3 - 1))/(-1). Let j be y*3*5/15. What is the highest common divisor of t and j?
22
Suppose 32*m - 88 = 30*m. Let j be (2 - 0) + (386 - -8). Calculate the highest common divisor of j and m.
44
Let h = 5189 + -5164. Suppose 5*s - 1214 = 161. Calculate the greatest common divisor of s and h.
25
Suppose 90*j + 2536 + 4532 = 96*j. What is the highest common divisor of j and 248?
62
Let o(c) = -42*c**3 + 221*c**2 + 3*c - 11. Let j be o(5). Calculate the greatest common divisor of j and 899.
31
Suppose 4*r - 4110 = p, -503*p - 1022 = -r - 500*p. Calculate the highest common divisor of 16 and r.
4
Suppose 4*l - 35*y - 396 = -37*y, 0 = -2*y. Suppose -2*b + l = -3*o, 0*b - b - 4*o = -22. What is the greatest common factor of b and 42?
42
Let t(f) = f**2 + 4*f - 7. Let b(d) = 2 + 2 - 5 + 0 - 5*d. Let o be b(-1). Let y be t(o). Calculate the greatest common factor of y and 10.
5
Let d be 70/22 - 2/11. Suppose -5*r = -2*m - d, 0*r + r = 3. Suppose v - m*a + 2*a - 8 = 0, 0 = -4*a + 4. Calculate the greatest common divisor of 60 and v.
12
Let r = -691 - -707. Let u be 1/(r/802) - 2/16. Calculate the highest common divisor of u and 30.
10
Let m be 3/(0 - (-5)/5). Suppose -61 = -m*j + a, -6*j + 2*j = -4*a - 76. Suppose 5*u - 622 = 4*f, 1 = 5*f - 9. What is the greatest common divisor of u and j?
21
Let f(d) = 2*d**3 + 14*d - 6. Let o be (-3)/30 + (3 - (-4)/40). Let b be f(o). What is the greatest common divisor of b and 54?
18
Let n(q) = 15 - 36 + 3 + 2*q. Let o be n(26). What is the highest common factor of 85 and o?
17
Suppose -33*h - 16*h + 60858 = 0. What is the greatest common divisor of 1104 and h?
138
Let h = -375 + 494. Calculate the greatest common divisor of 91 and h.
7
Suppose 347*q = 4*g + 349*q + 50, 85 = -5*g + 2*q. Let u be 260/30*g/(-10). Suppose -y = -5 + 4. Calculate the highest common divisor of u and y.
1
Let l be 1 + -46 + 0 + -1. Let i be 29/(1*5/(-4)*14/(-35)). Let g = i + l. Calculate the greatest common divisor of 12 and g.
12
Suppose 743 - 167 = -6*p. Let g be p/(-80)*(-30)/(-4). What is the highest common divisor of 153 and g?
9
Let w be (61/3)/1*(5 - 2). Let y be w/3 + (-1)/3. Let p be 224/20 - -2*(-2)/y. Calculate the greatest common factor of 187 and p.
11
Let f(i) = -i**3 + 9*i**2 + 9*i + 3. Let l be f(11). Let x = l + 116. Let c be (-4)/x*-3*(-47 + 1). Calculate the greatest common divisor of 46 and c.
23
Suppose 42 = 5*z + 92. Let h be 101 + ((-12)/z)/(6/15). Suppose m = 2*m - 13. Calculate the highest common divisor of h and m.
13
Let n = 17468 - 17463. What is the highest common factor of 1145 and n?
5
Suppose 2*t - 160 = 4*q, -t + 95 - 11 = 2*q. Let z be 828/16 + 1/4. Let r = t - z. What is the greatest common divisor of 15 and r?
15
Let l = 783 - -489. Suppose 9*i + l = -3*i. Let t = i + 130. Calculate the highest common factor of 36 and t.
12
Let d = -26 + 34. Let a be (-4 - 2)*300/(-5). Let v be d/6*a/48. Calculate the greatest common factor of 110 and v.
10
Suppose 20*r = 40*r. Suppose r = 33*n - 360 + 30. Calculate the highest common factor of 670 and n.
10
Let p be 11/(-33) - (-2)/(-3). Let q be (p + (4 - 5))/((-2)/1). Calculate the greatest common divisor of 17 and q.
1
Let z be 4/(-62) - 6840/(-310). What is the greatest common factor of z and 8899?
11
Let g = -171 - -310. Let r = g + -106. Let l be (13 + -8)*r/1. Calculate the greatest common divisor of l and 66.
33
Let w(o) = -27*o - 108. Suppose -91*p + 87*p - 28 = 0. Let j be w(p). What is the greatest common factor of 3 and j?
3
Let l be 2*(9/3 + 38). Suppose 170 + l = 3*j. Let m(y) = 2*y**2 - 68*y + 140. Let o be m(2). What is the highest common divisor of o and j?
12
Let j(q) = 3*q - 33. Let k(l) = l. Let v(w) = -j(w) + 6*k(w). Let n be v(-10). Suppose n*i = 19 + 5. Calculate the highest common factor of i and 2.
2
Let o be (6/6)/(3 + -1 - 1). Let d be (1 + 3)/(-4)*(-2 - o). Suppose 4*l = 84 + 24. What is the greatest common divisor of d and l?
3
Let n be (4/16)/(11/220)*265. Calculate the greatest common divisor of n and 106.
53
Let i = 721 - 415. Suppose -5*o = -4*q + 945, o + i = 4*q - 635. What is the highest common divisor of 329 and q?
47
Let o be (185/8 - 8*5/320) + 5. What is the greatest common factor of o and 11578?
14
Let s(x) = -359*x + 1. Let m be s(2). Let j = -662 - m. Calculate the greatest common divisor of 187 and j.
11
Let m = -46781 - -47629. Let b be 2 - 3 - (-34)/2. Calculate the greatest common divisor of m and b.
16
Let k = 14957 - 14612. Calculate the highest common divisor of 1840 and k.
115
Let a(q) = q**3 + 15*q**2 - 56*q - 58. Let l be a(-17). Calculate the highest common factor of 196 and l.
4
Suppose -3*z + 76 = 2*v - 8*z, 22*z = 23*z. Calculate the highest common factor of 3534 and v.
38
Let r = -20079 + 20089. What is the highest common factor of 2225 and r?
5
Let f be (3 - (3 + 3)) + 8. Suppose -9*d + 1120 = -5*i, -65*d + 620 = -60*d - 5*i. What is the highest common factor of f and d?
5
Let t = 306 + -294. Let n(u) = u**3 - 9*u**2 + 16*u + 7. Let o be n(7). Calculate the greatest common factor of t and o.
3
Let n be (-9249)/(-21) - (-18)/(-42). Let z be (-18)/4*(0 + 44/(-3)). Let j = z + -26. Calculate the greatest common factor of n and j.
40
Suppose -436*f - 3936 = -460*f. What is the highest common divisor of 615 and f?
41
L